 x(c) = c + 1. Suppose 3*q - 5 + 2 = 0. Determine x(q).
2
Let v(b) = 2*b**3 + 8*b**2 - 19*b - 24. Let n(a) = 3*a**3 + 12*a**2 - 29*a - 36. Let g(x) = -5*n(x) + 8*v(x). Let r be g(-5). Let l(t) = -6*t - 1. What is l(r)?
11
Let x(n) be the second derivative of 15/2*n**2 + n + 1/6*n**3 + 0. Let k be x(-11). Let q(z) = -z - 4. Calculate q(k).
-8
Suppose 2*u = -2 - 4. Let t(z) = z**3 + 3*z**2 + 2*z + 3. What is t(u)?
-3
Let w(t) = -t**3 + 11*t**2 - 17*t + 2*t + 4*t**2 + 8. Give w(14).
-6
Suppose 4*g = 20, -2*g + 8 = 3*b - 4*b. Let x(n) = b*n + 1 - 1 + 0 + 1. Determine x(4).
9
Let n(h) = -h**2 + h - 1. Suppose 0 = -3*c - 0*c, -5*x + c = 65. Let m be 21/35 + x/5. Calculate n(m).
-7
Suppose 0 = 2*c - 3*c + 10. Suppose -4*o + 3*o = -c. Suppose -2*x = -4*x - o. Let r(s) = 2*s - 3. Calculate r(x).
-13
Let w(p) = 20 - 6 - 5 - 4 + p. Calculate w(-4).
1
Suppose -4*n = -2 + 10. Let q(j) be the first derivative of j**3 + 3*j**2/2 + j - 30. Give q(n).
7
Let g(x) = 2*x**2 - 9*x + 12. Let z(l) = l**2 - 5*l + 6. Let j(y) = -3*g(y) + 7*z(y). Determine j(6).
-6
Let z be (-6)/(-8) - 2/(-8). Let x = 9 - 6. Let m(t) = -2*t + t - 4*t**3 - 3*t**3 + 1 + t**x. Calculate m(z).
-6
Suppose 5*b - 10 = 4*i, -3*b + 2*i = b - 8. Let n(y) = -1 + 5*y - b + 3 - 3 + y**2. Suppose z + 4*f + 21 = 0, 3*z + 3 = -0*f + 3*f. Calculate n(z).
-3
Let i(c) = -2*c**3. Let u be i(-1). Let b(t) = 0*t**2 - 4 + 3*t - t**2 - u. Let l(d) = -d**3 + 5*d**2 + 8*d - 8. Let r be l(6). Calculate b(r).
-10
Let m(w) = 5*w + 5. Let o(n) = 10*n + 11. Let p(i) = -7*m(i) + 3*o(i). Calculate p(2).
-12
Let a(n) = -n**2 + 3*n + 5 + 0*n**2 - 2*n + 9. Give a(0).
14
Suppose -c + 5 - 2 = 0. Let p be c/(-9)*(1 + -10). Let l(m) be the first derivative of m**3/3 - 2. What is l(p)?
9
Let b(s) = s**2 - 2*s - 6. Let a(o) = 2*o**2 - 3*o - 12. Let r(p) = -2*a(p) + 5*b(p). Suppose 0 = -6*i + 4*i. Let m = i + 5. Calculate r(m).
-1
Let r(v) = -v**3 + 2*v**2 - 2*v - 2. Let a be r(0). Let m(w) = 3*w**2 + 0 + 2 + 2*w**3 + 2*w + 0*w**2. Determine m(a).
-6
Let s(p) = -2*p - 4 + 6*p + 10. Let w be (-1)/(-3)*(-75)/5. Let m(l) = -3*l - 5. Let j(a) = w*m(a) - 4*s(a). Give j(-4).
5
Suppose 2*u + q - 3*q + 12 = 0, 3*u = 2*q - 15. Let a(m) be the third derivative of 1/6*m**3 - 7*m**2 + 0 - 1/24*m**4 + 0*m - 1/60*m**5. Give a(u).
-5
Let j(x) = -x**2 + 5*x + 4. Let s be (-4)/(-10) - (-126)/10. Let g = 9 + -1. Let k = s - g. Determine j(k).
4
Let h(b) = 3*b. Let f = 4 - 2. Suppose -1 = m - f. Calculate h(m).
3
Let f(i) = -8*i - 1. Let t be f(-1). Let l = t - 4. Suppose 0 = -2*c + l*v - 9, v = c + 5*v - 12. Let a(x) = x**2 + x + 4. Give a(c).
4
Let w be -2 + (2 - 2) + -3. Let q(z) = z + 1. Let i(g) = -g - 2. Let t(j) = i(j) + 3*q(j). Give t(w).
-9
Let r = 1 + -1. Suppose -z = -6*z + 10. Let d(a) = 21*a**z + a**3 - 4 + 2 - a - 20*a**2. What is d(r)?
-2
Let k(t) be the second derivative of t**5/20 - t**4/4 + t**3/2 - 3*t**2/2 + t. Suppose -4 = -4*n, 6 = 5*g - 3*n - n. Determine k(g).
-1
Let q be 40/(-4) - (-3)/1. Let l(g) = -g**2 - 9*g - 8. Give l(q).
6
Let m(c) = 5*c - 1 - 4 + c**2 - 5*c**2 + 1 - c**3. Give m(-5).
-4
Let t(g) = 0*g + g + 1 + 4 - 1. Calculate t(-4).
0
Let i(x) = x**3 + 12*x**2 + 12*x - 10. Let b(q) = -2*q**3 - 25*q**2 - 25*q + 21. Let z(d) = -6*b(d) - 13*i(d). Calculate z(-5).
9
Let n(g) = -10*g - 6. Let h(o) = -1. Let w(m) = -4*h(m) + n(m). Give w(-2).
18
Let y(s) be the first derivative of -5*s**2/2 - 7. Let g be y(-1). Let m(v) = -v**3 + 4*v**2 + 7*v - 4. Give m(g).
6
Let a(y) = -5*y**2 - y + 1. Suppose 2*v - 1 = 3*c - 0, -5*c - 4*v + 13 = 0. Determine a(c).
-5
Let l(g) = -g**2 + 6*g + 6. Let x = 10 - 20. Let c = x - -15. Give l(c).
11
Let y(c) be the first derivative of -c**2/2 + c + 5. Calculate y(3).
-2
Let g(a) = -6*a**2 - 5*a + 10. Let s(z) = 5*z**2 + 5*z - 9. Let o be ((-3)/(-3))/(3/(-12)). Let u(q) = o*g(q) - 5*s(q). Determine u(-6).
-1
Let t(o) = o + 1. Let s(b) = -b**3 - 4*b**2 - 8*b - 6. Let g(m) = s(m) + 6*t(m). Calculate g(-4).
8
Suppose 7*h + 13 = 2*l + 6*h, 0 = -2*l - 4*h - 2. Let p(z) = z**2 - 7*z + 2. What is p(l)?
-8
Let c be (-10)/25 + 54/10. Suppose -c*n = -3*n - 4. Suppose -1 = n*h + 3. Let m(y) = 2*y**2 + 2*y + 3. Give m(h).
7
Let a(d) be the second derivative of d**6/120 - d**5/10 + d**4/24 - 7*d**3/6 + d**2 + 4*d. Let x(t) be the first derivative of a(t). Determine x(6).
-1
Suppose -3*p - 2 = -f - p, -1 = -2*f + 3*p. Let b(g) = -g**3 - 4*g**2 - 4. What is b(f)?
-4
Let i be (2 + -4 - -2)/(-2). Let d(g) = g**2 - 9*g. Let c be d(9). Let p(h) = -2 + c*h**3 - 1 - h**3. Give p(i).
-3
Let g be 2 - 24/(-9)*-3. Let x be (21/g)/((-2)/4). Let d(u) = u**2 - 6*u - 10. Calculate d(x).
-3
Let q(g) = -2*g**2 + 0*g**2 - 5 + 0*g**2 - g + 4. Give q(-2).
-7
Let o(q) = -q**3 - 4*q**2 - 2*q - 3. Let i be o(-3). Let f(u) = 0*u - u + 2316 - 2323. Calculate f(i).
-1
Let r be 2*7 - (0 + -1). Let q be ((-6)/r)/((-4)/(-20)). Let c(h) = -7*h + 5. Let w(m) = m - 1. Let g(o) = c(o) + 4*w(o). Determine g(q).
7
Let z(g) = 4*g + 11. Let f(y) = -5*y - 11. Let j(v) = -5*f(v) - 6*z(v). What is j(5)?
-6
Let p(m) = m**2 + 2*m. Suppose -35 = 2*r + 3*r. Let k(n) = 4 - n**2 + 3*n - 7*n + 0*n**2 - 2*n. Let j be k(r). What is p(j)?
3
Let f(d) be the first derivative of 3/2*d**2 - 5/6*d**3 + 1/24*d**4 + 0*d - 4. Let o(y) be the second derivative of f(y). Determine o(4).
-1
Let s be ((-18)/(-27))/(4/6). Suppose -2*l - 3 = s. Let o be (0/l)/3*-1. Let u(w) = w**3 - w**2 - 5. What is u(o)?
-5
Let y = -76 + 82. Let i(d) = d**2 - 7*d - 3. Determine i(y).
-9
Let q(t) = -t**3 + 3*t**2 + 3*t - 1. Suppose -l = 4*m - 22, 3*l + 5*m = 15 + 16. Determine q(l).
9
Let z(n) = n**3 - 2*n**2 - 3*n - 1. Suppose 9 = -6*c + 27. Determine z(c).
-1
Let z be (-22)/4 + 2/4. Let q(x) be the third derivative of -x**5/60 - x**4/6 + x**3/6 - x**2. Calculate q(z).
-4
Let p(g) = g**3 + 3*g**2 + 2*g + 1. Suppose -3*z = -3*d - 7 - 2, 3*z = 5*d + 19. Give p(z).
1
Let f = 5 - 0. Let y(p) be the first derivative of 2*p**2 - 1/3*p**3 + 2*p + 2. Give y(f).
-3
Let d(v) = -v**3 + 3*v**2 + 8*v - 9. Let b be d(4). Let t(z) = 2*z - 9. What is t(b)?
5
Suppose -3*h = 3*y - 30, 2*h - 2 = y - 0. Let l(d) = -d**2 + 3*d + 6. Calculate l(y).
-12
Let q(d) = -d - 3. Let f = 9 - 12. Let o = f + 0. What is q(o)?
0
Let u(i) = -i + 4. Let c be u(8). Let s(k) = -k - 5. Give s(c).
-1
Let b(v) = -67*v**2 + 28*v**2 + 4*v - 3 + 38*v**2. Calculate b(4).
-3
Let c(o) = 2*o**2 + o + 1. Let y(t) be the second derivative of t**3/6 + t. Let q(m) = c(m) - 3*y(m). Calculate q(2).
5
Let g(u) = u**2 - u - 1. Let j(p) = 2*p**2 + 3*p + 5. Let f(s) = -3*g(s) + j(s). Let k = -10 + 16. What is f(k)?
8
Suppose 3*z + 3*j - 3 = 0, -z = -5*j - 6 - 1. Let u(v) be the third derivative of 1/12*v**4 + 0 - 1/2*v**3 - z*v**2 + 0*v. Determine u(2).
1
Let i(l) = l**2 + 9. Let d(a) = 2*a**2 + 18. Let x(h) = -6*d(h) + 13*i(h). Determine x(0).
9
Let t(y) = -2*y - 1. Let d(c) = -6*c - 15. Let f(r) = -d(r) + 4*t(r). Determine f(8).
-5
Let a(h) = -21*h + 19*h + 0 + 2. Give a(-2).
6
Let n(w) = -2 - 1 - 4 + 2*w + w. Determine n(5).
8
Let k(m) be the first derivative of 3*m**2 - 7. Calculate k(1).
6
Let w(n) = -15*n + 1. Let v = 2 + 3. Let o(g) be the second derivative of 7*g**3/3 - g**2/2 + 7*g. Let k(y) = v*w(y) + 6*o(y). Determine k(-1).
-10
Let n(a) = -143*a**2 - a**3 + 2*a + a + 145*a**2. Suppose 2*l - 6 = -0*l. Suppose 3*q + 24 = 3*b, 5*b - l*q - 36 + 6 = 0. Give n(b).
0
Let t(p) = p + 1. Suppose -4*c = -5*m + 1, 5*m - m + 12 = 0. Let g be (-11)/c + (-4)/(-16). Suppose 0 = d - g*b + 11, -5*d + 4*b - 27 = 3*b. Calculate t(d).
-4
Let p be -1 + (1 - (-6)/2). Let f(k) = -4*k**2 - 6*k + 3. Let q(r) = -5*r**2 - 7*r + 3. Let a(b) = p*q(b) - 4*f(b). Determine a(-4).
1
Let p(j) = -4*j**2 + j - 8. Let u(n) = n - 1. Let w(o) = -p(o) + 4*u(o). Give w(-3).
31
Let v(l) = -2*l - 9. Let m be v(-3). Let o(z) = -z**2 + z + 4. Give o(m).
-8
Let g(k) be the first derivative of -2 + 0*k**2 - k + 7/4*k**4 + 2/3*k**3. Give g(-1).
-6
Let z(r) be the third derivative of -r**5/12 - r**4/12 - 7*r**3/6 - r**2. Let o(a) = a**2 + 1. Let c(l) = 6*o(l) + z(l). What is c(2)?
-1
Let a(t) = 0*t + 47*t**2 + t - 99*t**2 + 10 + 53*t**2. Calculate a(0).
10
Let a(m) = -5*m**2 + 3*m. Let i(n) = 6*n - 3. Let o(r) = -r**2 - r + 1. Let f(d) = -i(d) - 4*o(d). Let g(y) = -3*a(y) 